{"id":12527,"date":"2026-03-30T09:27:58","date_gmt":"2026-03-30T07:27:58","guid":{"rendered":"https:\/\/trainingforall.eu\/?post_type=lp_course&#038;p=12527"},"modified":"2026-04-14T08:47:53","modified_gmt":"2026-04-14T06:47:53","slug":"intercultural-inclusive-mobility","status":"publish","type":"lp_course","link":"https:\/\/trainingforall.eu\/fr\/courses\/intercultural-inclusive-mobility\/","title":{"rendered":"Formation au mentorat en mati\u00e8re de mobilit\u00e9 interculturelle et inclusive"},"content":{"rendered":"<p>Gr\u00e2ce \u00e0 une approche m\u00ealant th\u00e9orie et pratique, vous apprendrez \u00e0 d\u00e9velopper une d\u00e9marche inclusive applicable aux contextes de mobilit\u00e9 r\u00e9els. Les s\u00e9ances sont tr\u00e8s interactives et proposent des activit\u00e9s de groupe et en bin\u00f4me, des exercices pratiques et des moments d&#039;introspection interculturelle. Vous d\u00e9velopperez de solides comp\u00e9tences en communication interculturelle, apprendrez \u00e0 g\u00e9rer de mani\u00e8re constructive les diff\u00e9rences de valeurs et de comportements, et \u00e0 identifier et combattre l&#039;exclusion et les pr\u00e9jug\u00e9s.<br \/>\n\u00c0 l\u2019issue de cette formation, vous serez pr\u00eat(e) \u00e0 accompagner les participants aux programmes de mobilit\u00e9 avec une sensibilit\u00e9 interculturelle, un esprit d\u2019inclusion et une confiance en vous.<\/p>","protected":false},"excerpt":{"rendered":"<p>Through a mix of theory and hands-on practice, you will learn how to build an inclusive approach that works in [&hellip;]<\/p>\n","protected":false},"author":1,"featured_media":12400,"comment_status":"closed","ping_status":"closed","template":"","course_category":[3],"course_tag":[],"class_list":["post-12527","lp_course","type-lp_course","status-publish","has-post-thumbnail","hentry","course_city-sevilla","course_category-training-course","course"],"acf":[],"yoast_head":"<!-- This site is optimized with the Yoast SEO plugin v27.5 - https:\/\/yoast.com\/product\/yoast-seo-wordpress\/ -->\n<title>Training for Intercultural and Inclusive Mobility Mentoring | Erasmus+ Course for Teachers in Spain |TRAINING4ALL<\/title>\n<meta name=\"description\" content=\"Intercultural and inclusive mobility mentoring course for teachers. Develop inclusive practices, intercultural skills and support diverse learners in Erasmus+ projects.\" \/>\n<meta name=\"robots\" content=\"index, follow, max-snippet:-1, max-image-preview:large, max-video-preview:-1\" \/>\n<link rel=\"canonical\" href=\"https:\/\/trainingforall.eu\/fr\/courses\/intercultural-inclusive-mobility\/\" \/>\n<meta property=\"og:locale\" content=\"fr_FR\" \/>\n<meta property=\"og:type\" content=\"article\" \/>\n<meta property=\"og:title\" content=\"Training for Intercultural and Inclusive Mobility Mentoring | Erasmus+ Course for Teachers in Spain |TRAINING4ALL\" \/>\n<meta property=\"og:description\" content=\"Intercultural and inclusive mobility mentoring course for teachers. Develop inclusive practices, intercultural skills and support diverse learners in Erasmus+ projects.\" \/>\n<meta property=\"og:url\" content=\"https:\/\/trainingforall.eu\/fr\/courses\/intercultural-inclusive-mobility\/\" \/>\n<meta property=\"og:site_name\" content=\"TRAINING4ALL\" \/>\n<meta property=\"article:modified_time\" content=\"2026-04-14T06:47:53+00:00\" \/>\n<meta property=\"og:image\" content=\"https:\/\/trainingforall.eu\/wp-content\/uploads\/2024\/06\/Inclusive.jpg\" \/>\n\t<meta property=\"og:image:width\" content=\"2560\" \/>\n\t<meta property=\"og:image:height\" content=\"1707\" \/>\n\t<meta property=\"og:image:type\" content=\"image\/jpeg\" \/>\n<meta name=\"twitter:card\" content=\"summary_large_image\" \/>\n<meta name=\"twitter:label1\" content=\"Dur\u00e9e de lecture estim\u00e9e\" \/>\n\t<meta name=\"twitter:data1\" content=\"1 minute\" \/>\n<script type=\"application\/ld+json\" class=\"yoast-schema-graph\">{\"@context\":\"https:\\\/\\\/schema.org\",\"@graph\":[{\"@type\":\"WebPage\",\"@id\":\"https:\\\/\\\/trainingforall.eu\\\/courses\\\/intercultural-inclusive-mobility\\\/\",\"url\":\"https:\\\/\\\/trainingforall.eu\\\/courses\\\/intercultural-inclusive-mobility\\\/\",\"name\":\"Training for Intercultural and Inclusive Mobility Mentoring | Erasmus+ Course for Teachers in Spain |TRAINING4ALL\",\"isPartOf\":{\"@id\":\"https:\\\/\\\/trainingforall.eu\\\/#website\"},\"primaryImageOfPage\":{\"@id\":\"https:\\\/\\\/trainingforall.eu\\\/courses\\\/intercultural-inclusive-mobility\\\/#primaryimage\"},\"image\":{\"@id\":\"https:\\\/\\\/trainingforall.eu\\\/courses\\\/intercultural-inclusive-mobility\\\/#primaryimage\"},\"thumbnailUrl\":\"https:\\\/\\\/trainingforall.eu\\\/wp-content\\\/uploads\\\/2024\\\/06\\\/Inclusive.jpg\",\"datePublished\":\"2026-03-30T07:27:58+00:00\",\"dateModified\":\"2026-04-14T06:47:53+00:00\",\"description\":\"Intercultural and inclusive mobility mentoring course for teachers. Develop inclusive practices, intercultural skills and support diverse learners in Erasmus+ projects.\",\"breadcrumb\":{\"@id\":\"https:\\\/\\\/trainingforall.eu\\\/courses\\\/intercultural-inclusive-mobility\\\/#breadcrumb\"},\"inLanguage\":\"fr-FR\",\"potentialAction\":[{\"@type\":\"ReadAction\",\"target\":[\"https:\\\/\\\/trainingforall.eu\\\/courses\\\/intercultural-inclusive-mobility\\\/\"]}]},{\"@type\":\"ImageObject\",\"inLanguage\":\"fr-FR\",\"@id\":\"https:\\\/\\\/trainingforall.eu\\\/courses\\\/intercultural-inclusive-mobility\\\/#primaryimage\",\"url\":\"https:\\\/\\\/trainingforall.eu\\\/wp-content\\\/uploads\\\/2024\\\/06\\\/Inclusive.jpg\",\"contentUrl\":\"https:\\\/\\\/trainingforall.eu\\\/wp-content\\\/uploads\\\/2024\\\/06\\\/Inclusive.jpg\",\"width\":2560,\"height\":1707},{\"@type\":\"BreadcrumbList\",\"@id\":\"https:\\\/\\\/trainingforall.eu\\\/courses\\\/intercultural-inclusive-mobility\\\/#breadcrumb\",\"itemListElement\":[{\"@type\":\"ListItem\",\"position\":1,\"name\":\"Portada\",\"item\":\"https:\\\/\\\/trainingforall.eu\\\/\"},{\"@type\":\"ListItem\",\"position\":2,\"name\":\"Training for Intercultural and Inclusive Mobility Mentoring\"}]},{\"@type\":\"WebSite\",\"@id\":\"https:\\\/\\\/trainingforall.eu\\\/#website\",\"url\":\"https:\\\/\\\/trainingforall.eu\\\/\",\"name\":\"TRAINING4ALL\",\"description\":\"\",\"publisher\":{\"@id\":\"https:\\\/\\\/trainingforall.eu\\\/#organization\"},\"potentialAction\":[{\"@type\":\"SearchAction\",\"target\":{\"@type\":\"EntryPoint\",\"urlTemplate\":\"https:\\\/\\\/trainingforall.eu\\\/?s={search_term_string}\"},\"query-input\":{\"@type\":\"PropertyValueSpecification\",\"valueRequired\":true,\"valueName\":\"search_term_string\"}}],\"inLanguage\":\"fr-FR\"},{\"@type\":\"Organization\",\"@id\":\"https:\\\/\\\/trainingforall.eu\\\/#organization\",\"name\":\"TRAINING4ALL\",\"url\":\"https:\\\/\\\/trainingforall.eu\\\/\",\"logo\":{\"@type\":\"ImageObject\",\"inLanguage\":\"fr-FR\",\"@id\":\"https:\\\/\\\/trainingforall.eu\\\/#\\\/schema\\\/logo\\\/image\\\/\",\"url\":\"https:\\\/\\\/trainingforall.eu\\\/wp-content\\\/uploads\\\/2026\\\/01\\\/LOGO_T4ALL-3-scaled.png\",\"contentUrl\":\"https:\\\/\\\/trainingforall.eu\\\/wp-content\\\/uploads\\\/2026\\\/01\\\/LOGO_T4ALL-3-scaled.png\",\"width\":2560,\"height\":369,\"caption\":\"TRAINING4ALL\"},\"image\":{\"@id\":\"https:\\\/\\\/trainingforall.eu\\\/#\\\/schema\\\/logo\\\/image\\\/\"}}]}<\/script>\n<!-- \/ Yoast SEO plugin. -->","yoast_head_json":{"title":"Training for Intercultural and Inclusive Mobility Mentoring | Erasmus+ Course for Teachers in Spain |TRAINING4ALL","description":"Intercultural and inclusive mobility mentoring course for teachers. Develop inclusive practices, intercultural skills and support diverse learners in Erasmus+ projects.","robots":{"index":"index","follow":"follow","max-snippet":"max-snippet:-1","max-image-preview":"max-image-preview:large","max-video-preview":"max-video-preview:-1"},"canonical":"https:\/\/trainingforall.eu\/fr\/courses\/intercultural-inclusive-mobility\/","og_locale":"fr_FR","og_type":"article","og_title":"Training for Intercultural and Inclusive Mobility Mentoring | Erasmus+ Course for Teachers in Spain |TRAINING4ALL","og_description":"Intercultural and inclusive mobility mentoring course for teachers. Develop inclusive practices, intercultural skills and support diverse learners in Erasmus+ projects.","og_url":"https:\/\/trainingforall.eu\/fr\/courses\/intercultural-inclusive-mobility\/","og_site_name":"TRAINING4ALL","article_modified_time":"2026-04-14T06:47:53+00:00","og_image":[{"width":2560,"height":1707,"url":"https:\/\/trainingforall.eu\/wp-content\/uploads\/2024\/06\/Inclusive.jpg","type":"image\/jpeg"}],"twitter_card":"summary_large_image","twitter_misc":{"Dur\u00e9e de lecture estim\u00e9e":"1 minute"},"schema":{"@context":"https:\/\/schema.org","@graph":[{"@type":"WebPage","@id":"https:\/\/trainingforall.eu\/courses\/intercultural-inclusive-mobility\/","url":"https:\/\/trainingforall.eu\/courses\/intercultural-inclusive-mobility\/","name":"Training for Intercultural and Inclusive Mobility Mentoring | Erasmus+ Course for Teachers in Spain |TRAINING4ALL","isPartOf":{"@id":"https:\/\/trainingforall.eu\/#website"},"primaryImageOfPage":{"@id":"https:\/\/trainingforall.eu\/courses\/intercultural-inclusive-mobility\/#primaryimage"},"image":{"@id":"https:\/\/trainingforall.eu\/courses\/intercultural-inclusive-mobility\/#primaryimage"},"thumbnailUrl":"https:\/\/trainingforall.eu\/wp-content\/uploads\/2024\/06\/Inclusive.jpg","datePublished":"2026-03-30T07:27:58+00:00","dateModified":"2026-04-14T06:47:53+00:00","description":"Intercultural and inclusive mobility mentoring course for teachers. Develop inclusive practices, intercultural skills and support diverse learners in Erasmus+ projects.","breadcrumb":{"@id":"https:\/\/trainingforall.eu\/courses\/intercultural-inclusive-mobility\/#breadcrumb"},"inLanguage":"fr-FR","potentialAction":[{"@type":"ReadAction","target":["https:\/\/trainingforall.eu\/courses\/intercultural-inclusive-mobility\/"]}]},{"@type":"ImageObject","inLanguage":"fr-FR","@id":"https:\/\/trainingforall.eu\/courses\/intercultural-inclusive-mobility\/#primaryimage","url":"https:\/\/trainingforall.eu\/wp-content\/uploads\/2024\/06\/Inclusive.jpg","contentUrl":"https:\/\/trainingforall.eu\/wp-content\/uploads\/2024\/06\/Inclusive.jpg","width":2560,"height":1707},{"@type":"BreadcrumbList","@id":"https:\/\/trainingforall.eu\/courses\/intercultural-inclusive-mobility\/#breadcrumb","itemListElement":[{"@type":"ListItem","position":1,"name":"Portada","item":"https:\/\/trainingforall.eu\/"},{"@type":"ListItem","position":2,"name":"Training for Intercultural and Inclusive Mobility Mentoring"}]},{"@type":"WebSite","@id":"https:\/\/trainingforall.eu\/#website","url":"https:\/\/trainingforall.eu\/","name":"FORMATION POUR TOUS","description":"","publisher":{"@id":"https:\/\/trainingforall.eu\/#organization"},"potentialAction":[{"@type":"SearchAction","target":{"@type":"EntryPoint","urlTemplate":"https:\/\/trainingforall.eu\/?s={search_term_string}"},"query-input":{"@type":"PropertyValueSpecification","valueRequired":true,"valueName":"search_term_string"}}],"inLanguage":"fr-FR"},{"@type":"Organization","@id":"https:\/\/trainingforall.eu\/#organization","name":"FORMATION POUR TOUS","url":"https:\/\/trainingforall.eu\/","logo":{"@type":"ImageObject","inLanguage":"fr-FR","@id":"https:\/\/trainingforall.eu\/#\/schema\/logo\/image\/","url":"https:\/\/trainingforall.eu\/wp-content\/uploads\/2026\/01\/LOGO_T4ALL-3-scaled.png","contentUrl":"https:\/\/trainingforall.eu\/wp-content\/uploads\/2026\/01\/LOGO_T4ALL-3-scaled.png","width":2560,"height":369,"caption":"TRAINING4ALL"},"image":{"@id":"https:\/\/trainingforall.eu\/#\/schema\/logo\/image\/"}}]}},"_links":{"self":[{"href":"https:\/\/trainingforall.eu\/fr\/wp-json\/wp\/v2\/lp_course\/12527","targetHints":{"allow":["GET"]}}],"collection":[{"href":"https:\/\/trainingforall.eu\/fr\/wp-json\/wp\/v2\/lp_course"}],"about":[{"href":"https:\/\/trainingforall.eu\/fr\/wp-json\/wp\/v2\/types\/lp_course"}],"author":[{"embeddable":true,"href":"https:\/\/trainingforall.eu\/fr\/wp-json\/wp\/v2\/users\/1"}],"replies":[{"embeddable":true,"href":"https:\/\/trainingforall.eu\/fr\/wp-json\/wp\/v2\/comments?post=12527"}],"version-history":[{"count":2,"href":"https:\/\/trainingforall.eu\/fr\/wp-json\/wp\/v2\/lp_course\/12527\/revisions"}],"predecessor-version":[{"id":12604,"href":"https:\/\/trainingforall.eu\/fr\/wp-json\/wp\/v2\/lp_course\/12527\/revisions\/12604"}],"wp:featuredmedia":[{"embeddable":true,"href":"https:\/\/trainingforall.eu\/fr\/wp-json\/wp\/v2\/media\/12400"}],"wp:attachment":[{"href":"https:\/\/trainingforall.eu\/fr\/wp-json\/wp\/v2\/media?parent=12527"}],"wp:term":[{"taxonomy":"course_category","embeddable":true,"href":"https:\/\/trainingforall.eu\/fr\/wp-json\/wp\/v2\/course_category?post=12527"},{"taxonomy":"course_tag","embeddable":true,"href":"https:\/\/trainingforall.eu\/fr\/wp-json\/wp\/v2\/course_tag?post=12527"}],"curies":[{"name":"wp","href":"https:\/\/api.w.org\/{rel}","templated":true}]}}

Formation au mentorat en matière de mobilité interculturelle et inclusive

<p>Grâce à une approche mêlant théorie et pratique, vous apprendrez à développer une démarche inclusive applicable aux contextes de mobilité réels. Les séances sont très interactives et proposent des activités de groupe et en binôme, des exercices pratiques et des moments d&#039;introspection interculturelle. Vous développerez de solides compétences en communication interculturelle, apprendrez à gérer de manière constructive les différences de valeurs et de comportements, et à identifier et combattre l&#039;exclusion et les préjugés.<br />
À l’issue de cette formation, vous serez prêt(e) à accompagner les participants aux programmes de mobilité avec une sensibilité interculturelle, un esprit d’inclusion et une confiance en vous.</p>

<!-- This site is optimized with the Yoast SEO plugin v27.5 - https://yoast.com/product/yoast-seo-wordpress/ -->
<title>Training for Intercultural and Inclusive Mobility Mentoring | Erasmus+ Course for Teachers in Spain |TRAINING4ALL</title>
<meta name="description" content="Intercultural and inclusive mobility mentoring course for teachers. Develop inclusive practices, intercultural skills and support diverse learners in Erasmus+ projects." />
<meta name="robots" content="index, follow, max-snippet:-1, max-image-preview:large, max-video-preview:-1" />
<link rel="canonical" href="https://trainingforall.eu/fr/courses/intercultural-inclusive-mobility/" />
<meta property="og:locale" content="fr_FR" />
<meta property="og:type" content="article" />
<meta property="og:title" content="Training for Intercultural and Inclusive Mobility Mentoring | Erasmus+ Course for Teachers in Spain |TRAINING4ALL" />
<meta property="og:description" content="Intercultural and inclusive mobility mentoring course for teachers. Develop inclusive practices, intercultural skills and support diverse learners in Erasmus+ projects." />
<meta property="og:url" content="https://trainingforall.eu/fr/courses/intercultural-inclusive-mobility/" />
<meta property="og:site_name" content="TRAINING4ALL" />
<meta property="article:modified_time" content="2026-04-14T06:47:53+00:00" />
<meta property="og:image" content="https://trainingforall.eu/wp-content/uploads/2024/06/Inclusive.jpg" />
	<meta property="og:image:width" content="2560" />
	<meta property="og:image:height" content="1707" />
	<meta property="og:image:type" content="image/jpeg" />
<meta name="twitter:card" content="summary_large_image" />
<meta name="twitter:label1" content="Durée de lecture estimée" />
	<meta name="twitter:data1" content="1 minute" />
<script type="application/ld+json" class="yoast-schema-graph">{"@context":"https:\/\/schema.org","@graph":[{"@type":"WebPage","@id":"https:\/\/trainingforall.eu\/courses\/intercultural-inclusive-mobility\/","url":"https:\/\/trainingforall.eu\/courses\/intercultural-inclusive-mobility\/","name":"Training for Intercultural and Inclusive Mobility Mentoring | Erasmus+ Course for Teachers in Spain |TRAINING4ALL","isPartOf":{"@id":"https:\/\/trainingforall.eu\/#website"},"primaryImageOfPage":{"@id":"https:\/\/trainingforall.eu\/courses\/intercultural-inclusive-mobility\/#primaryimage"},"image":{"@id":"https:\/\/trainingforall.eu\/courses\/intercultural-inclusive-mobility\/#primaryimage"},"thumbnailUrl":"https:\/\/trainingforall.eu\/wp-content\/uploads\/2024\/06\/Inclusive.jpg","datePublished":"2026-03-30T07:27:58+00:00","dateModified":"2026-04-14T06:47:53+00:00","description":"Intercultural and inclusive mobility mentoring course for teachers. Develop inclusive practices, intercultural skills and support diverse learners in Erasmus+ projects.","breadcrumb":{"@id":"https:\/\/trainingforall.eu\/courses\/intercultural-inclusive-mobility\/#breadcrumb"},"inLanguage":"fr-FR","potentialAction":[{"@type":"ReadAction","target":["https:\/\/trainingforall.eu\/courses\/intercultural-inclusive-mobility\/"]}]},{"@type":"ImageObject","inLanguage":"fr-FR","@id":"https:\/\/trainingforall.eu\/courses\/intercultural-inclusive-mobility\/#primaryimage","url":"https:\/\/trainingforall.eu\/wp-content\/uploads\/2024\/06\/Inclusive.jpg","contentUrl":"https:\/\/trainingforall.eu\/wp-content\/uploads\/2024\/06\/Inclusive.jpg","width":2560,"height":1707},{"@type":"BreadcrumbList","@id":"https:\/\/trainingforall.eu\/courses\/intercultural-inclusive-mobility\/#breadcrumb","itemListElement":[{"@type":"ListItem","position":1,"name":"Portada","item":"https:\/\/trainingforall.eu\/"},{"@type":"ListItem","position":2,"name":"Training for Intercultural and Inclusive Mobility Mentoring"}]},{"@type":"WebSite","@id":"https:\/\/trainingforall.eu\/#website","url":"https:\/\/trainingforall.eu\/","name":"TRAINING4ALL","description":"","publisher":{"@id":"https:\/\/trainingforall.eu\/#organization"},"potentialAction":[{"@type":"SearchAction","target":{"@type":"EntryPoint","urlTemplate":"https:\/\/trainingforall.eu\/?s={search_term_string}"},"query-input":{"@type":"PropertyValueSpecification","valueRequired":true,"valueName":"search_term_string"}}],"inLanguage":"fr-FR"},{"@type":"Organization","@id":"https:\/\/trainingforall.eu\/#organization","name":"TRAINING4ALL","url":"https:\/\/trainingforall.eu\/","logo":{"@type":"ImageObject","inLanguage":"fr-FR","@id":"https:\/\/trainingforall.eu\/#\/schema\/logo\/image\/","url":"https:\/\/trainingforall.eu\/wp-content\/uploads\/2026\/01\/LOGO_T4ALL-3-scaled.png","contentUrl":"https:\/\/trainingforall.eu\/wp-content\/uploads\/2026\/01\/LOGO_T4ALL-3-scaled.png","width":2560,"height":369,"caption":"TRAINING4ALL"},"image":{"@id":"https:\/\/trainingforall.eu\/#\/schema\/logo\/image\/"}}]}</script>
<!-- / Yoast SEO plugin. -->
