{"id":12527,"date":"2026-03-30T09:27:58","date_gmt":"2026-03-30T07:27:58","guid":{"rendered":"https:\/\/trainingforall.eu\/?post_type=lp_course&#038;p=12527"},"modified":"2026-04-14T08:47:53","modified_gmt":"2026-04-14T06:47:53","slug":"intercultural-inclusive-mobility","status":"publish","type":"lp_course","link":"https:\/\/trainingforall.eu\/it\/courses\/intercultural-inclusive-mobility\/","title":{"rendered":"Formazione per il Mentoring sulla Mobilit\u00e0 Interculturale e Inclusiva"},"content":{"rendered":"<p>Attraverso un mix di teoria e pratica, imparerai a costruire un approccio inclusivo che funzioni in contesti di mobilit\u00e0 reali. Le sessioni sono altamente interattive, con attivit\u00e0 di gruppo e in coppia, esercizi pratici e opportunit\u00e0 di autoriflessione culturale. Svilupperai migliori capacit\u00e0 di comunicazione interculturale, imparerai a gestire in modo costruttivo valori e comportamenti diversi e a riconoscere e affrontare l&#039;esclusione e il pregiudizio.<br \/>\nAl termine della formazione, sarai pronto a guidare i partecipanti alla mobilit\u00e0 con consapevolezza interculturale, inclusione e sicurezza.<\/p>","protected":false},"excerpt":{"rendered":"<p>Through a mix of theory and hands-on practice, you will learn how to build an inclusive approach that works in [&hellip;]<\/p>\n","protected":false},"author":1,"featured_media":12400,"comment_status":"closed","ping_status":"closed","template":"","course_category":[3],"course_tag":[],"class_list":["post-12527","lp_course","type-lp_course","status-publish","has-post-thumbnail","hentry","course_city-sevilla","course_category-training-course","course"],"acf":[],"yoast_head":"<!-- This site is optimized with the Yoast SEO plugin v27.5 - https:\/\/yoast.com\/product\/yoast-seo-wordpress\/ -->\n<title>Training for Intercultural and Inclusive Mobility Mentoring | Erasmus+ Course for Teachers in Spain |TRAINING4ALL<\/title>\n<meta name=\"description\" content=\"Intercultural and inclusive mobility mentoring course for teachers. Develop inclusive practices, intercultural skills and support diverse learners in Erasmus+ projects.\" \/>\n<meta name=\"robots\" content=\"index, follow, max-snippet:-1, max-image-preview:large, max-video-preview:-1\" \/>\n<link rel=\"canonical\" href=\"https:\/\/trainingforall.eu\/it\/courses\/intercultural-inclusive-mobility\/\" \/>\n<meta property=\"og:locale\" content=\"it_IT\" \/>\n<meta property=\"og:type\" content=\"article\" \/>\n<meta property=\"og:title\" content=\"Training for Intercultural and Inclusive Mobility Mentoring | Erasmus+ Course for Teachers in Spain |TRAINING4ALL\" \/>\n<meta property=\"og:description\" content=\"Intercultural and inclusive mobility mentoring course for teachers. Develop inclusive practices, intercultural skills and support diverse learners in Erasmus+ projects.\" \/>\n<meta property=\"og:url\" content=\"https:\/\/trainingforall.eu\/it\/courses\/intercultural-inclusive-mobility\/\" \/>\n<meta property=\"og:site_name\" content=\"TRAINING4ALL\" \/>\n<meta property=\"article:modified_time\" content=\"2026-04-14T06:47:53+00:00\" \/>\n<meta property=\"og:image\" content=\"https:\/\/trainingforall.eu\/wp-content\/uploads\/2024\/06\/Inclusive.jpg\" \/>\n\t<meta property=\"og:image:width\" content=\"2560\" \/>\n\t<meta property=\"og:image:height\" content=\"1707\" \/>\n\t<meta property=\"og:image:type\" content=\"image\/jpeg\" \/>\n<meta name=\"twitter:card\" content=\"summary_large_image\" \/>\n<meta name=\"twitter:label1\" content=\"Tempo di lettura stimato\" \/>\n\t<meta name=\"twitter:data1\" content=\"1 minuto\" \/>\n<script type=\"application\/ld+json\" class=\"yoast-schema-graph\">{\"@context\":\"https:\\\/\\\/schema.org\",\"@graph\":[{\"@type\":\"WebPage\",\"@id\":\"https:\\\/\\\/trainingforall.eu\\\/courses\\\/intercultural-inclusive-mobility\\\/\",\"url\":\"https:\\\/\\\/trainingforall.eu\\\/courses\\\/intercultural-inclusive-mobility\\\/\",\"name\":\"Training for Intercultural and Inclusive Mobility Mentoring | Erasmus+ Course for Teachers in Spain |TRAINING4ALL\",\"isPartOf\":{\"@id\":\"https:\\\/\\\/trainingforall.eu\\\/#website\"},\"primaryImageOfPage\":{\"@id\":\"https:\\\/\\\/trainingforall.eu\\\/courses\\\/intercultural-inclusive-mobility\\\/#primaryimage\"},\"image\":{\"@id\":\"https:\\\/\\\/trainingforall.eu\\\/courses\\\/intercultural-inclusive-mobility\\\/#primaryimage\"},\"thumbnailUrl\":\"https:\\\/\\\/trainingforall.eu\\\/wp-content\\\/uploads\\\/2024\\\/06\\\/Inclusive.jpg\",\"datePublished\":\"2026-03-30T07:27:58+00:00\",\"dateModified\":\"2026-04-14T06:47:53+00:00\",\"description\":\"Intercultural and inclusive mobility mentoring course for teachers. Develop inclusive practices, intercultural skills and support diverse learners in Erasmus+ projects.\",\"breadcrumb\":{\"@id\":\"https:\\\/\\\/trainingforall.eu\\\/courses\\\/intercultural-inclusive-mobility\\\/#breadcrumb\"},\"inLanguage\":\"it-IT\",\"potentialAction\":[{\"@type\":\"ReadAction\",\"target\":[\"https:\\\/\\\/trainingforall.eu\\\/courses\\\/intercultural-inclusive-mobility\\\/\"]}]},{\"@type\":\"ImageObject\",\"inLanguage\":\"it-IT\",\"@id\":\"https:\\\/\\\/trainingforall.eu\\\/courses\\\/intercultural-inclusive-mobility\\\/#primaryimage\",\"url\":\"https:\\\/\\\/trainingforall.eu\\\/wp-content\\\/uploads\\\/2024\\\/06\\\/Inclusive.jpg\",\"contentUrl\":\"https:\\\/\\\/trainingforall.eu\\\/wp-content\\\/uploads\\\/2024\\\/06\\\/Inclusive.jpg\",\"width\":2560,\"height\":1707},{\"@type\":\"BreadcrumbList\",\"@id\":\"https:\\\/\\\/trainingforall.eu\\\/courses\\\/intercultural-inclusive-mobility\\\/#breadcrumb\",\"itemListElement\":[{\"@type\":\"ListItem\",\"position\":1,\"name\":\"Portada\",\"item\":\"https:\\\/\\\/trainingforall.eu\\\/\"},{\"@type\":\"ListItem\",\"position\":2,\"name\":\"Training for Intercultural and Inclusive Mobility Mentoring\"}]},{\"@type\":\"WebSite\",\"@id\":\"https:\\\/\\\/trainingforall.eu\\\/#website\",\"url\":\"https:\\\/\\\/trainingforall.eu\\\/\",\"name\":\"TRAINING4ALL\",\"description\":\"\",\"publisher\":{\"@id\":\"https:\\\/\\\/trainingforall.eu\\\/#organization\"},\"potentialAction\":[{\"@type\":\"SearchAction\",\"target\":{\"@type\":\"EntryPoint\",\"urlTemplate\":\"https:\\\/\\\/trainingforall.eu\\\/?s={search_term_string}\"},\"query-input\":{\"@type\":\"PropertyValueSpecification\",\"valueRequired\":true,\"valueName\":\"search_term_string\"}}],\"inLanguage\":\"it-IT\"},{\"@type\":\"Organization\",\"@id\":\"https:\\\/\\\/trainingforall.eu\\\/#organization\",\"name\":\"TRAINING4ALL\",\"url\":\"https:\\\/\\\/trainingforall.eu\\\/\",\"logo\":{\"@type\":\"ImageObject\",\"inLanguage\":\"it-IT\",\"@id\":\"https:\\\/\\\/trainingforall.eu\\\/#\\\/schema\\\/logo\\\/image\\\/\",\"url\":\"https:\\\/\\\/trainingforall.eu\\\/wp-content\\\/uploads\\\/2026\\\/01\\\/LOGO_T4ALL-3-scaled.png\",\"contentUrl\":\"https:\\\/\\\/trainingforall.eu\\\/wp-content\\\/uploads\\\/2026\\\/01\\\/LOGO_T4ALL-3-scaled.png\",\"width\":2560,\"height\":369,\"caption\":\"TRAINING4ALL\"},\"image\":{\"@id\":\"https:\\\/\\\/trainingforall.eu\\\/#\\\/schema\\\/logo\\\/image\\\/\"}}]}<\/script>\n<!-- \/ Yoast SEO plugin. -->","yoast_head_json":{"title":"Training for Intercultural and Inclusive Mobility Mentoring | Erasmus+ Course for Teachers in Spain |TRAINING4ALL","description":"Intercultural and inclusive mobility mentoring course for teachers. Develop inclusive practices, intercultural skills and support diverse learners in Erasmus+ projects.","robots":{"index":"index","follow":"follow","max-snippet":"max-snippet:-1","max-image-preview":"max-image-preview:large","max-video-preview":"max-video-preview:-1"},"canonical":"https:\/\/trainingforall.eu\/it\/courses\/intercultural-inclusive-mobility\/","og_locale":"it_IT","og_type":"article","og_title":"Training for Intercultural and Inclusive Mobility Mentoring | Erasmus+ Course for Teachers in Spain |TRAINING4ALL","og_description":"Intercultural and inclusive mobility mentoring course for teachers. Develop inclusive practices, intercultural skills and support diverse learners in Erasmus+ projects.","og_url":"https:\/\/trainingforall.eu\/it\/courses\/intercultural-inclusive-mobility\/","og_site_name":"TRAINING4ALL","article_modified_time":"2026-04-14T06:47:53+00:00","og_image":[{"width":2560,"height":1707,"url":"https:\/\/trainingforall.eu\/wp-content\/uploads\/2024\/06\/Inclusive.jpg","type":"image\/jpeg"}],"twitter_card":"summary_large_image","twitter_misc":{"Tempo di lettura stimato":"1 minuto"},"schema":{"@context":"https:\/\/schema.org","@graph":[{"@type":"WebPage","@id":"https:\/\/trainingforall.eu\/courses\/intercultural-inclusive-mobility\/","url":"https:\/\/trainingforall.eu\/courses\/intercultural-inclusive-mobility\/","name":"Training for Intercultural and Inclusive Mobility Mentoring | Erasmus+ Course for Teachers in Spain |TRAINING4ALL","isPartOf":{"@id":"https:\/\/trainingforall.eu\/#website"},"primaryImageOfPage":{"@id":"https:\/\/trainingforall.eu\/courses\/intercultural-inclusive-mobility\/#primaryimage"},"image":{"@id":"https:\/\/trainingforall.eu\/courses\/intercultural-inclusive-mobility\/#primaryimage"},"thumbnailUrl":"https:\/\/trainingforall.eu\/wp-content\/uploads\/2024\/06\/Inclusive.jpg","datePublished":"2026-03-30T07:27:58+00:00","dateModified":"2026-04-14T06:47:53+00:00","description":"Intercultural and inclusive mobility mentoring course for teachers. Develop inclusive practices, intercultural skills and support diverse learners in Erasmus+ projects.","breadcrumb":{"@id":"https:\/\/trainingforall.eu\/courses\/intercultural-inclusive-mobility\/#breadcrumb"},"inLanguage":"it-IT","potentialAction":[{"@type":"ReadAction","target":["https:\/\/trainingforall.eu\/courses\/intercultural-inclusive-mobility\/"]}]},{"@type":"ImageObject","inLanguage":"it-IT","@id":"https:\/\/trainingforall.eu\/courses\/intercultural-inclusive-mobility\/#primaryimage","url":"https:\/\/trainingforall.eu\/wp-content\/uploads\/2024\/06\/Inclusive.jpg","contentUrl":"https:\/\/trainingforall.eu\/wp-content\/uploads\/2024\/06\/Inclusive.jpg","width":2560,"height":1707},{"@type":"BreadcrumbList","@id":"https:\/\/trainingforall.eu\/courses\/intercultural-inclusive-mobility\/#breadcrumb","itemListElement":[{"@type":"ListItem","position":1,"name":"Portada","item":"https:\/\/trainingforall.eu\/"},{"@type":"ListItem","position":2,"name":"Training for Intercultural and Inclusive Mobility Mentoring"}]},{"@type":"WebSite","@id":"https:\/\/trainingforall.eu\/#website","url":"https:\/\/trainingforall.eu\/","name":"FORMAZIONE PER TUTTI","description":"","publisher":{"@id":"https:\/\/trainingforall.eu\/#organization"},"potentialAction":[{"@type":"SearchAction","target":{"@type":"EntryPoint","urlTemplate":"https:\/\/trainingforall.eu\/?s={search_term_string}"},"query-input":{"@type":"PropertyValueSpecification","valueRequired":true,"valueName":"search_term_string"}}],"inLanguage":"it-IT"},{"@type":"Organization","@id":"https:\/\/trainingforall.eu\/#organization","name":"FORMAZIONE PER TUTTI","url":"https:\/\/trainingforall.eu\/","logo":{"@type":"ImageObject","inLanguage":"it-IT","@id":"https:\/\/trainingforall.eu\/#\/schema\/logo\/image\/","url":"https:\/\/trainingforall.eu\/wp-content\/uploads\/2026\/01\/LOGO_T4ALL-3-scaled.png","contentUrl":"https:\/\/trainingforall.eu\/wp-content\/uploads\/2026\/01\/LOGO_T4ALL-3-scaled.png","width":2560,"height":369,"caption":"TRAINING4ALL"},"image":{"@id":"https:\/\/trainingforall.eu\/#\/schema\/logo\/image\/"}}]}},"_links":{"self":[{"href":"https:\/\/trainingforall.eu\/it\/wp-json\/wp\/v2\/lp_course\/12527","targetHints":{"allow":["GET"]}}],"collection":[{"href":"https:\/\/trainingforall.eu\/it\/wp-json\/wp\/v2\/lp_course"}],"about":[{"href":"https:\/\/trainingforall.eu\/it\/wp-json\/wp\/v2\/types\/lp_course"}],"author":[{"embeddable":true,"href":"https:\/\/trainingforall.eu\/it\/wp-json\/wp\/v2\/users\/1"}],"replies":[{"embeddable":true,"href":"https:\/\/trainingforall.eu\/it\/wp-json\/wp\/v2\/comments?post=12527"}],"version-history":[{"count":2,"href":"https:\/\/trainingforall.eu\/it\/wp-json\/wp\/v2\/lp_course\/12527\/revisions"}],"predecessor-version":[{"id":12604,"href":"https:\/\/trainingforall.eu\/it\/wp-json\/wp\/v2\/lp_course\/12527\/revisions\/12604"}],"wp:featuredmedia":[{"embeddable":true,"href":"https:\/\/trainingforall.eu\/it\/wp-json\/wp\/v2\/media\/12400"}],"wp:attachment":[{"href":"https:\/\/trainingforall.eu\/it\/wp-json\/wp\/v2\/media?parent=12527"}],"wp:term":[{"taxonomy":"course_category","embeddable":true,"href":"https:\/\/trainingforall.eu\/it\/wp-json\/wp\/v2\/course_category?post=12527"},{"taxonomy":"course_tag","embeddable":true,"href":"https:\/\/trainingforall.eu\/it\/wp-json\/wp\/v2\/course_tag?post=12527"}],"curies":[{"name":"wp","href":"https:\/\/api.w.org\/{rel}","templated":true}]}}

Formazione per il Mentoring sulla Mobilità Interculturale e Inclusiva

<p>Attraverso un mix di teoria e pratica, imparerai a costruire un approccio inclusivo che funzioni in contesti di mobilità reali. Le sessioni sono altamente interattive, con attività di gruppo e in coppia, esercizi pratici e opportunità di autoriflessione culturale. Svilupperai migliori capacità di comunicazione interculturale, imparerai a gestire in modo costruttivo valori e comportamenti diversi e a riconoscere e affrontare l&#039;esclusione e il pregiudizio.<br />
Al termine della formazione, sarai pronto a guidare i partecipanti alla mobilità con consapevolezza interculturale, inclusione e sicurezza.</p>
